r - 64 = -2*x - 0*x. Suppose -l = 3*t - 273, 5*t - 4*t = -2*l + 96. Let q = t + r. What is the tens digit of q?
2
Let d(b) = 8*b**3 + 1 - 2*b + 8*b**3 + 9*b**3. Let o(u) = u**3 + 8*u**2 + u + 9. Let n be o(-8). What is the units digit of d(n)?
4
Let m(c) be the second derivative of -31*c**5/10 + c**4/4 - c**3/6 - 3*c**2/2 + 19*c. Let u be m(-2). Suppose -3*v + u = 84. What is the units digit of v?
1
Let i = 59189 - 33616. What is the thousands digit of i?
5
Let i = 2030 + 15207. What is the thousands digit of i?
7
Let p(u) = 0*u**2 + 6 - 3*u**2 - 2*u**2 + u + 4*u**2. Let q be p(2). Suppose -132 = 5*n - 2*v - 409, -3*v + 217 = q*n. What is the tens digit of n?
5
Let p(j) = j. Let w(g) = -17*g + 157. Let f(c) = p(c) - w(c). What is the hundreds digit of f(17)?
1
Suppose 4*j - 4*y - 56 = 0, -6*y = -3*j - 4*y + 44. Suppose 16*r + j = 12*r. What is the hundreds digit of 242/(-1)*(1 + 6/r)?
1
Let a = -15 + 30. What is the units digit of 15399/45 + (-3)/a?
2
Let c be (-3 - 27/(-12))*-4. Suppose -c*a + 11*r + 707 = 12*r, -3*a - 2*r + 709 = 0. What is the hundreds digit of a?
2
Let y = 867 - 922. Let c be -5*1*116/(-10). Let d = y + c. What is the units digit of d?
3
Let m(h) = -h**3 + 47*h**2 + 30*h + 43. What is the hundreds digit of m(41)?
3
What is the tens digit of ((-4594)/4)/((-1)/2)?
9
Suppose 4*f = -3*l - 655, -3*l + 3*f = l + 865. Let k = 151 - l. What is the units digit of k?
8
Let d(i) = 5*i**3 - 238*i**2 + 84. What is the thousands digit of d(51)?
4
Let d be (296/(-259))/((-4)/14). Suppose -5*t = d*u - 3381, -6*t + t = -u + 814. What is the hundreds digit of u?
8
What is the hundreds digit of (3 - -9303) + ((-350)/(-225) - 8/(-18))?
3
What is the hundreds digit of 2/((-14900)/(-7445) - 2)?
4
Suppose 0 = 2*r - 30*a + 29*a - 14183, 14211 = 2*r - 5*a. What is the tens digit of r?
8
What is the tens digit of (8 - 17)*((-26)/(-91) + 91964/(-42))?
0
Suppose 2202*g = 2230*g - 54516. What is the tens digit of g?
4
What is the thousands digit of ((-7)/(63/(-6)))/((-2554854)/(-319356) - 8)?
5
Let d(r) be the first derivative of -11*r**2 - 30*r - 13. What is the units digit of d(-5)?
0
Let c = 1 + 18. Let w = -16 + c. Suppose 0 = -3*q + 5*x + 736, w*x + 716 = 3*q + 2*x. What is the units digit of q?
7
Suppose 437251 - 9585243 = -344*o. What is the thousands digit of o?
6
Let g(a) = 5*a - 33. Suppose -2*j = -2*z - j + 11, 3*j = z + 2. Let b be g(z). Suppose -y + 72 = p, -y - 1 = -b. What is the units digit of p?
1
Suppose -31*k + 21*k = 0. Suppose k*a - 9*a + 1323 = 0. What is the tens digit of a?
4
Let h(q) = -q**2 - 13*q - 16. Let f be h(-7). Suppose -f*t - 10 = -31*t. Suppose -3*p - t*p = -235. What is the units digit of p?
7
Suppose 7*i + 5154 = i. Let k be 5/3*(i + (10 - 3)). What is the units digit of (k/(-5))/2 + (1 - -1)?
4
Suppose -2*a = -u - 201, -2*u = a - 238 + 660. Let i = -50 - u. Suppose 3*k = i + 216. What is the tens digit of k?
2
Let v = -6698 + 39449. What is the units digit of v?
1
Let a(v) = -v**3 - 2*v**2 + 10*v + 7. Let k be a(-4). Suppose 6 = o - 22. What is the hundreds digit of k + 1893/12 - 21/o?
1
Let j(s) be the first derivative of s**3/3 - 3*s**2/2 + 11*s + 828. Let n be (-2)/7 + (-107)/(-7). What is the tens digit of j(n)?
9
Suppose 8554164 = 295*m - 573562 - 4698039. What is the tens digit of m?
6
Suppose 5*a + u = 22435, -42*a - 5*u + 8951 = -40*a. What is the tens digit of a?
8
Let b(u) = 20*u**2 + 15*u - 49. Let p be b(-6). What is the units digit of p + ((-1)/(-2) - (-45)/10)?
6
Let c = -7190 - -33175. What is the units digit of c?
5
Suppose -z - 2*r + 104 = -65, -5*r = -5*z + 875. Let t = -100 + 23. Let h = t + z. What is the tens digit of h?
9
Let i = -285 - -305. Suppose 0 = 12*x - i*x + 1040. What is the hundreds digit of x?
1
Let r(f) = -2*f**2 - 3*f - 81. Let k(b) = -b + 1. Let h(l) = 2*k(l) - r(l). Suppose -5*q = -4*j - 10, 3*j - 3*q = 39 - 45. What is the tens digit of h(j)?
8
Let f(h) = 370*h + 3263. What is the units digit of f(-4)?
3
Let o = 75439 - 50548. What is the tens digit of o?
9
Let q(f) = -f**3 + 12*f**2 - 21*f - 11. Suppose 40 = 4*u + 32. Suppose -18 = -4*k + u*k. What is the units digit of q(k)?
3
Suppose -4*f + 27 = -13*f. What is the tens digit of (17/(-5) - f)/((-7)/3920)?
2
Let a(s) = 2*s**2 + 21*s + 4. Let x be a(-9). Let k = 1 - x. What is the units digit of k?
4
Let k(q) be the second derivative of 2*q**5/15 - q**4/24 + 17*q**2/2 - 11*q. Let l(s) be the first derivative of k(s). What is the units digit of l(1)?
7
Let b = -34 - -22. Let q be 354/(-4) + (-6)/b. Let k = q - -141. What is the units digit of k?
3
What is the hundreds digit of (-6222196)/(-722) - (5 - 1)?
6
Let v = 7342 - 6431. What is the tens digit of v?
1
Suppose 4*a = -m + 2*m + 21, -4*a + 2*m + 26 = 0. Suppose -a*j = 0, 3*b - 4*j - 1894 = b. What is the hundreds digit of b?
9
Let f(t) = -t**3 + 25*t**2 + 52*t + 56. Let x be f(27). Suppose -3*a = 4*c - 6*a - 2222, x*c + 3*a - 1120 = 0. What is the hundreds digit of c?
5
What is the thousands digit of 96/(-128) + 44188/16?
2
Let u = 106 + -89. Suppose 0 = 5*v - 15, -10 = -2*l + v + u. What is the tens digit of l?
1
Let i(t) be the second derivative of 8*t**3/3 - 14*t**2 - t. Let l(p) = -154*p - 3845. Let b be l(-25). What is the units digit of i(b)?
2
Suppose 627021 = 359*b - 3115913. What is the ten thousands digit of b?
1
Suppose i + 5*z = 217, -374 = 2*i - 4*i + 2*z. Let f = 445 - i. What is the hundreds digit of f?
2
Suppose u - 42 = -3*u + 2*k, -4*u - 5*k + 77 = 0. Suppose -9*t = u*t - 10758. What is the hundreds digit of t?
4
Suppose 5*c - 25 = 4*c. Suppose 8*m - c + 65 = 0. What is the units digit of 6 + m + -48*(-2 + -1)?
5
Let h = -35 - -52. Let f = h - 15. Suppose -5*t - g + 156 = -0*g, 4*t = f*g + 122. What is the tens digit of t?
3
Suppose s + 5*x + 345 - 4685 = 0, -4*x = 4*s - 17344. What is the hundreds digit of s?
3
Let q(g) = -32 + 40*g**2 - 71*g**2 + 38*g**2 - 29*g + 156*g. What is the units digit of q(-24)?
2
Suppose -3*p - 3*y + 3 = 0, -p = -5*y + 3*y + 2. Suppose p = g - 2*f - 70, 4*g - 57 = -5*f + 197. What is the tens digit of g?
6
Let x = 1045 - -53. Suppose 0 = 2*u + 5*o - 3*o - x, -5*u - 2*o + 2739 = 0. What is the tens digit of u?
4
Let l(a) = a**3 + 13*a**2 + 8*a + 1. Let k be l(-14). Let s be 4/(-6) + (-484)/(-33). What is the hundreds digit of (-7)/s*(3 + k)?
1
Suppose -129 = -6*r + 3459. Suppose 48*i - r = 2*i. What is the tens digit of i?
1
Let o = 1637 + -384. Let a = o - 773. What is the tens digit of a?
8
Suppose 0 = 3*h + 2*r - 25, -7*h + 5 = -2*h - 4*r. Suppose 5190 = 5*f + h*v, 0*f + 2*f + 5*v = 2088. What is the tens digit of f?
3
Suppose 41*m + 168*m - 258343 = 125590. What is the hundreds digit of m?
8
Let u(j) = 65*j**3 - 10*j**2 + 74*j - 46. What is the units digit of u(7)?
7
Let q(f) = 42*f**2 + 80*f + 1264. What is the units digit of q(-13)?
2
Suppose l - 47 = 7*n - 3*n, -n = -l + 35. Suppose -c + 281 - l = 0. What is the hundreds digit of c?
2
Let y be 1 - (-2)/(-5) - (-27)/(-45). Suppose -3*z - 562 + 166 = y. Let a = z + 357. What is the units digit of a?
5
Let x(u) = u**3 - 4*u**2 - 3*u + 4. Let d(z) = 2*z - 3. Suppose 8 = 3*l - 7. Let q be d(l). What is the hundreds digit of x(q)?
1
Let i = -897 + 2237. Let c = 1917 - i. What is the hundreds digit of c?
5
Let a = 1788 + -2519. Let f = -376 - a. Suppose 0 = 2*x + 3*c - 87 - 64, 5*x + 3*c - f = 0. What is the tens digit of x?
6
Suppose -4*o = -0*x + x - 19, 3*x - o = 5. Let d(v) = 31*v**2 + 10*v - 6. What is the tens digit of d(x)?
0
Let m be (-1 - -10)*(-3 - 0). Let y = m + 34. What is the units digit of 334/y - 10/(-35)?
8
Suppose -27*x = -2*l - 29*x + 51284, 5*l - 128234 = -x. What is the ten thousands digit of l?
2
Let b(p) = p**3 - 32*p**2 - 19*p - 79. Let a be b(33). Let l = -159 + a. What is the tens digit of l?
2
Let s = 4575 + 11354. What is the thousands digit of s?
5
Let w(a) = -7*a - a**2 + 79 - 3*a**2 - a**3 - 48 - 1. What is the hundreds digit of w(-9)?
4
Let o(t) = 3*t**3 + 172*t**2 + 117*t - 263. What is the thousands digit of o(-54)?
2
Let u be ((-2)/(-4))/(11 - 1314/120). Let l(t) = 13*t**2 - 121*t + 16. What is the hundreds digit of l(u)?
1
Let a = 448 - 382. What is the units digit of a?
6
Let y be (2 - (-45)/11) + (-1)/11. Suppose 5*d + 2207 = 3*r, 2*d 